-3?
62
In base 10, what is -151 - -103?
-48
In base 13, what is -157 + -7?
-161
In base 15, what is -2 + 6d0?
6cd
In base 8, what is 247 - -3?
252
In base 11, what is -4 + -233?
-237
In base 9, what is -2 + -108?
-111
In base 13, what is 97 + 2?
99
In base 13, what is -1 + -1478?
-1479
In base 6, what is -53 + -43?
-140
In base 13, what is -14 + -1?
-15
In base 6, what is -3115 - 11?
-3130
In base 10, what is -28 + 5?
-23
In base 11, what is 68 - 3?
65
In base 11, what is 3a9 - 1?
3a8
In base 11, what is -319 + 18?
-301
In base 9, what is -4044 - -2?
-4042
In base 13, what is 15684 - -1?
15685
In base 2, what is -1000010001 - 1011?
-1000011100
In base 14, what is -3 - 1414?
-1417
In base 7, what is -1115 - 4?
-1122
In base 7, what is 5530 + -5?
5522
In base 15, what is 3 - 15?
-12
In base 15, what is 16 + -29?
-13
In base 2, what is -111011110 - -1110?
-111010000
In base 2, what is -111001 - -101100110?
100101101
In base 14, what is -1 - -630?
62d
In base 8, what is -226 - 7?
-235
In base 12, what is -48 - -6?
-42
In base 16, what is 1c + -2?
1a
In base 12, what is 0 + -253?
-253
In base 15, what is 7 - -a?
12
In base 3, what is 21200 - 1110?
20020
In base 14, what is 2 + -20?
-1c
In base 14, what is 3 + -196?
-193
In base 6, what is -1 + 3035?
3034
In base 14, what is -93 + 1?
-92
In base 5, what is 114 + -12?
102
In base 14, what is -275 + -a?
-281
In base 10, what is 1 - -1170?
1171
In base 2, what is 111 + -1010110?
-1001111
In base 2, what is 100 - 111110?
-111010
In base 15, what is -20 - -4?
-1b
In base 14, what is 946 - 3?
943
In base 9, what is 588 - -1?
600
In base 4, what is -2302 + -2002?
-10310
In base 11, what is 52 + 16?
68
In base 14, what is 12 - d4?
-c2
In base 13, what is -32 + 6?
-29
In base 5, what is 102 - 1010?
-403
In base 10, what is 26 + -11?
15
In base 9, what is 16 - 27?
-11
In base 5, what is -13042 + -3?
-13100
In base 10, what is 2 + -1748?
-1746
In base 9, what is 16 + -523?
-506
In base 3, what is -11 + 12002210?
12002122
In base 3, what is 2012 - 10?
2002
In base 9, what is 4 + -17?
-13
In base 6, what is -1420 + -5?
-1425
In base 12, what is 365 - -3?
368
In base 8, what is -24 - -1?
-23
In base 15, what is 1a + -35?
-1a
In base 2, what is -111100010000 - -10?
-111100001110
In base 6, what is 1205 - -1?
1210
In base 11, what is -2 + 47?
45
In base 5, what is 20 - -24?
44
In base 2, what is 11010101100001 - -1?
11010101100010
In base 10, what is 10450 - 0?
10450
In base 8, what is -1 + -311?
-312
In base 8, what is 16 + 11?
27
In base 3, what is -1 - 20?
-21
In base 5, what is 134 + -404?
-220
In base 14, what is 20a - -14?
220
In base 5, what is -122 + 330?
203
In base 6, what is -5 - 125?
-134
In base 12, what is -709 - -4?
-705
In base 7, what is 5 - -211?
216
In base 7, what is 11 - 1?
10
In base 3, what is -2110 + 0?
-2110
In base 8, what is 121 + -4?
115
In base 2, what is 1001100111001 - -101?
1001100111110
In base 8, what is -143451 - 3?
-143454
In base 16, what is -d6 + -1?
-d7
In base 13, what is -7 + -24c?
-256
In base 13, what is -2 + -944?
-946
In base 16, what is 1 + -8?
-7
In base 3, what is -21 - 11210002?
-11210100
In base 12, what is 5a - 8?
52
In base 11, what is 3 - 543?
-540
In base 14, what is -4 + 96?
92
In base 13, what is -c26c - -5?
-c267
In base 12, what is -88 - 4?
-90
In base 8, what is -535 + -4?
-541
In base 3, what is 21122 - -12?
21211
In base 14, what is -173 - -16?
-15b
In base 9, what is 4 + 2703?
2707
In base 5, what is 1 - -14342?
14343
In base 5, what is 42 - -30?
122
In base 5, what is -2210 + -221?
-2431
In base 4, what is 12 + 111310?
111322
In base 10, what is 5 + -365?
-360
In base 15, what is -20 + -4c?
-6c
In base 10, what is 1 + 9?
10
In base 13, what is -3 - -43?
40
In base 13, what is -2 - 39?
-3b
In base 13, what is 2 + 2b?
30
In base 7, what is 1556 - 2?
1554
In base 14, what is 36 - -2?
38
In base 6, what is 2 - 440?
-434
In base 9, what is -18 - 8?
-27
In base 9, what is 20 - 20?
0
In base 12, what is 27 - 8?
1b
In base 12, what is -3 + -27b?
-282
In base 11, what is 6 + -122?
-117
In base 16, what is -4 + -4?
-8
In base 7, what is 1133 + 6?
1142
In base 6, what is -1210 + 13?
-1153
In base 4, what is 1 + 3312?
3313
In base 4, what is 2 + -1201?
-1133
In base 7, what is 6 - -151?
160
In base 11, what is -2214 + 1?
-2213
In base 16, what is -10b7 + -1?
-10b8
In base 10, what is -191 + -3?
-194
In base 7, what is -10430 - 5?
-10435
In base 16, what is -43d - -5?
-438
In base 3, what is 1111 - 12202?
-11021
In base 13, what is 2 + -a1?
-9c
In base 7, what is 4 + 32?
36
In base 12, what is -4 - 199?
-1a1
In base 5, what is -101440 + -3?
-101443
In base 6, what is 15 + -100?
-41
In base 2, what is -1100 + -1001000001?
-1001001101
In base 13, what is -321 - -2?
-31c
In base 7, what is 22361 - -4?
22365
In base 13, what is 143 + -42?
101
In base 11, what is -2 - -41?
3a
In base 2, what is 10011 + 1001?
11100
In base 7, what is 3 + 14?
20
In base 3, what is 2 + -10010111?
-10010102
In base 12, what is 42 + -22?
20
In base 10, what is -4 + 71?
67
In base 12, what is -5 - -64?
5b
In base 10, what is -3 + -835?
-838
In base 9, what is 3 + 26?
30
In base 14, what is -9c + 22?
-7a
In base 7, what is 3 - -1052?
1055
In base 15, what is -10e - -1?
-10d
In base 14, what is -5 - 4?
-9
In base 7, what is -2 + -650?
-652
In base 11, what is -5 - 362?
-367
In base 6, what is -1115 + 120?
-555
In base 11, what is 27 + -65?
-39
In base 9, what is 0 - 86?
-86
In base 15, what is -5 + 113?
10d
In base 11, what is -6 - 18?
-23
In base 9, what is 6 - 3?
3
In base 5, what is -3213 - -2?
-3211
In base 13, what is 1 + 338?
339
In base 5, what is 31312 + 2?
31314
In base 15, what is -269 + 4?
-265
In base 11, what is 2 - -63a?
641
In base 12, what is -63b + -5?
-644
In base 15, what is 20 + 8d?
ad
In base 15, what is 1 + -1b?
-1a
In base 4, what is -1002 - 121?
-1123
In base 15, what is -c - -a?
-2
In base 4, what is 10 + 211?
221
In base 13, what is 33 - 3?
30
In base 12, what is 14a2 - 3?
149b
In base 5, what is -10 - 244?
-304
In base 15, what is 22b + 0?
22b
In base 10, what is 9981 + -2?
9979
In base 12, what is 28 + 2?
2a
In base 9, what is -240 + 1?
-238
In base 3, what is -110 + 101010?
100200
In base 4, what is -12011 + 10?
-12001
In base 16, what is 3e - -d?
4b
In base 10, what is -507 - 4?
-511
In base 10, what is -6 + -66?
-72
In base 13, what is 3c50 + 2?
3c52
In base 4, what is 21 - -2010?
2031
In base 12, what is -4 - -39?
35
In base 16, what is -4 + -f?
-13
In base 10, what is 135 + 73?
208
In base 12, what is -6 + 57?
51
In base 12, what is 0 - -43?
43
In base 16, what is 4 - 3f?
-3b
In base 4, what is 2 - -1101013?
1101021
In base 7, what is 44 + 10?
54
In base 6, what is 4 + 35?
43
In base 13, what is -a + -1c?
-29
In base 10, what is -11014 - 4?
-11018
In base 11, what is -19 + -26?
-44
In base 3, what is 20 + 10111202?
10111222
In base 15, what is 30 + -1?
2e
In base 5, what is -3 + 322?
314
In base 13, what is 2 - 19?
-17
In base 7, what is 0 - 112?
-112
In base 10, what is -3 - 268?
-271
In base 13, what is -3b0 + 3?
-3aa
In base 3, what is -21 + 1111?
1020
In base 15, what is 244 - 11?
233
In base 8, what is -1320 - 4?
-1324
In base 9, what is -6 + -133?
-140
In base 8, what is -5 - 10?
-15
In base 6, what is 52 - -214?
310
In base 16, what is a52 - 1?
a51
In base 11, what is -4a0 - -8?
-493
In base 12, what is -5 + 36?
31
In base 14, what is -2 + 161?
15d
In base 3, what is -21 + 11200?
11102
In base 2, what is -101 - -1001010001?
1001001100
In base 11, what is 3611 - -3?
3614
In base 8, what is 146 - 23?
123
In base 7, what is 1 + -4521?
-4520
In base 13, what is -2 + -56?
-58
In base 12, what is 77 + -44?
33
In base 11, what is 337 + 5?
341
In base 12, what is -4 + 259?
255
In base 14, what is -162 - -4?
-15c
In base 5, what is -10 + -10423?
-10433
In base 6, what is 3 + -411?
-404
In base 3, what is 2201 + 1221?
11122
In base 2, what is 10010 + -10101?
-11
In base 14, what is -22a - 15?
-241
In base 14, what is -2 - -4b?
49
In base 6, what is 445 - -254?
1143
In base 13, what is 1 - 2?
-1
In base 11, what is 4 + -66?
-62
In base 2, what is -101000 + 1011?
-11101
In base 13, what is -1b39 + -7?
-1b43
In base 15, what is -2c + 39?
c
In base 10, what is -4 -